Raporty NOAA

Zaznacz rok lub miesiąc

Raport z 2021 Wrz
                   Monthly Climatological Summary for wrz 2021

Name: Jejkowice   City: Jejkowice   State: Śląskie
Elevation: 247 m  Lat: N 50° 06' 36"   Lon: E 018° 28' 21"

                  Temperature (°C), Rain (mm), Wind Speed (km/h)

                                      Heat  Cool        Avg
    Mean                              Deg   Deg         Wind                 Dom
Day Temp  High   Time   Low    Time   Days  Days  Rain  Speed High   Time    Dir
----------------------------------------------------------------------------------
 1  13,9  18,1   14:28  11,9   06:13   4,4   0,0   5,0  11,7  37,0   02:05    NW
 2  15,1  20,8   15:05  11,5   23:59   3,3   0,2   0,0   5,2  27,4   14:59    NW
 3  15,9  23,3   16:10   8,8   05:09   3,6   1,2   0,0   3,8  24,1   13:23   WSW
 4  16,2  23,2   15:05   9,1   06:42   3,2   1,2   0,0   3,1  25,7   12:12   NNW
 5  14,5  20,5   15:48   8,9   06:25   3,4   0,3   0,0   6,3  27,4   11:53     E
 6  12,8  21,2   16:15   5,1   05:30   5,9   0,4   0,0   2,5  17,7   12:00     E
 7  16,1  23,7   15:43   8,1   01:33   3,4   1,3   0,0   5,0  24,1   14:37   SSW
 8  16,9  25,3   15:08   8,9   05:52   3,4   2,0   0,0   3,4  25,7   13:15   SSE
 9  17,5  25,6   15:20   9,6   05:44   3,0   2,3   0,0   6,5  35,4   12:03     S
10  17,4  25,7   15:09   7,7   06:36   3,2   2,3   0,0   6,5  45,1   11:50   SSW
11  18,3  26,9   15:23   9,4   04:13   2,7   2,7   0,0   5,6  32,2   15:07     S
12  18,4  25,2   15:35  13,2   03:59   1,6   1,7   0,0   1,6  16,1   14:13     W
13  17,5  23,8   13:59  12,3   23:10   1,9   1,2   0,2   2,8  29,0   14:34    NW
14  17,1  24,2   15:06  10,9   06:49   2,7   1,4   0,0   1,4  16,1   15:51    NE
15  18,5  26,2   14:53  10,9   04:21   2,3   2,5   0,0   2,6  17,7   13:13    SE
16  19,1  22,9   12:54  16,9   01:28   0,5   1,3  10,0   2,3  20,9   18:28   WSW
17  14,8  17,5   13:06  12,7   23:54   3,5   0,0  19,4   7,6  32,2   02:34    NW
18  13,2  15,6   15:35  10,8   07:08   5,1   0,0   2,2   9,3  27,4   10:26   WNW
19   9,8  11,9   14:34   7,8   05:27   8,5   0,0   0,6   6,2  27,4   02:39   NNW
20  10,2  13,6   13:01   6,9   23:54   8,1   0,0   0,0   6,6  25,7   12:26   NNW
21   8,7  15,4   13:05   2,1   04:59   9,6   0,0   1,2   4,5  30,6   18:42   WNW
----------------------------------------------------------------------------------
    15,3  26,9    11     2,1    21    83,3  22,0  38,6   5,0  45,1    10     WNW

Max >=  20,0: 15
Max <=  10,0:  0
Min <=   0,0:  0
Min <= -10,0:  0
Max Rain: 19,4 on day 17
Days of Rain: 7 (>= 0,2 mm)  4 (>= 2,0 mm)  0 (>= 20,0 mm)
Heat Base: 18,3  Cool Base: 18,3  Method: Integration