Raporty NOAA

Zaznacz rok lub miesiac

Raport z 2019 Sie
                   Monthly Climatological Summary for sie 2019

Name: Jejkowice   City: Jejkowice   State: Slaskie
Elevation: 249 m  Lat: N 50° 06' 36"   Lon: E 018° 28' 21"

                  Temperature (°C), Rain (mm), Wind Speed (km/h)

                                      Heat  Cool        Avg
    Mean                              Deg   Deg         Wind                 Dom
Day Temp  High   Time   Low    Time   Days  Days  Rain  Speed High   Time    Dir
----------------------------------------------------------------------------------
 4  17,4  21,3   08:31  16,1   04:01   0,4   0,1   0,0  ----  12,9   08:17   ESE
 5  19,2  28,1   14:10  13,0   05:25   0,1   0,3   0,8   5,7  33,8   15:05    SW
 6  22,5  29,6   14:01  14,6   05:10   0,6   4,8   0,2   7,0  29,0   16:29    SW
 7  23,4  30,1   17:25  17,2   02:34   0,0   5,1   5,6   8,5  41,8   20:55   WSW
 8  21,3  27,1   16:29  16,4   05:37   0,3   3,4   7,0   7,5  37,0   03:31     W
 9  22,3  29,1   16:31  14,1   05:47   0,6   4,6   0,0   4,5  24,1   16:26   WSW
10  22,7  31,7   13:18  16,1   02:03   0,4   4,8   9,6   8,5  38,6   10:47   WSW
11  21,9  28,2   16:00  15,7   05:59   0,4   3,9   0,2   4,4  20,9   15:20    SW
12  22,1  29,4   13:44  16,6   21:30   0,4   4,1   4,8   7,6  33,8   16:07    NW
13  19,3  24,7   16:48  15,8   03:00   0,9   1,9  15,2   4,4  41,8   01:06    NW
14  17,0  22,6   17:10  12,6   23:56   2,0   0,7   3,0   5,7  30,6   02:45   NNW
15  17,0  24,7   16:18   8,7   05:44   3,1   1,8   0,0   3,3  24,1   13:20     S
16  17,8  22,4   12:20  13,0   23:58   1,4   0,9   1,0   4,3  27,4   17:09   WNW
17  18,3  25,4   15:41  10,6   06:02   2,2   2,2   0,0   5,4  25,7   16:28   SSW
18  23,1  29,8   17:07  16,8   04:48   0,1   4,9   0,0   9,5  38,6   16:06   SSW
19  23,5  30,2   16:07  17,1   06:03   0,1   5,3   0,0   6,4  33,8   18:53   WNW
----------------------------------------------------------------------------------
    20,5  31,7    10     8,7    15    13,0  48,8  47,4   6,2  41,8     7     WSW

Max >=  20,0: 16
Max <=  10,0:  0
Min <=   0,0:  0
Min <= -10,0:  0
Max Rain: 15,2 on day 13
Days of Rain: 10 (>= 0,2 mm)  6 (>= 2,0 mm)  0 (>= 20,0 mm)
Heat Base: 18,3  Cool Base: 18,3  Method: Integration