Raporty NOAA

Zaznacz rok lub miesiąc

Raport z 2019 Paz
                   Monthly Climatological Summary for paź 2019

Name: Jejkowice   City: Jejkowice   State: Śląskie
Elevation: 249 m  Lat: N 50° 06' 36"   Lon: E 018° 28' 21"

                  Temperature (°C), Rain (mm), Wind Speed (km/h)

                                      Heat  Cool        Avg
    Mean                              Deg   Deg         Wind                 Dom
Day Temp  High   Time   Low    Time   Days  Days  Rain  Speed High   Time    Dir
----------------------------------------------------------------------------------
 1  15,3  20,7   14:33   9,5   06:37   3,3   0,3   0,0  17,0  57,9   14:34   SSW
 2  15,0  18,6   09:00   8,0   23:50   3,3   0,0  12,0  20,7  40,2   18:20   WSW
 3   8,7  12,6   16:11   5,6   07:11   9,6   0,0   0,8   7,0  27,4   11:49     W
 4  10,0  14,3   13:51   6,3   00:35   6,9   0,0   0,0   4,2  19,3   12:46   SSW
 5   8,0   9,2   14:16   6,2   23:59  10,3   0,0   6,8   9,3  33,8   19:23   ENE
 6   5,3  10,2   15:50  -0,8   23:19  13,0   0,0   0,0   8,5  27,4   03:37     N
 7   3,0  10,7   13:46  -3,3   07:14  15,3   0,0   0,2   1,8  17,7   14:05     N
 8   6,0  12,2   14:17  -1,6   03:30  12,3   0,0   1,6  13,2  57,9   12:45   SSW
 9  11,1  13,5   11:43   9,6   04:16   7,2   0,0  11,0  11,1  33,8   06:50    SW
10  10,6  14,7   12:27   6,8   23:00   7,7   0,0   5,8  14,2  45,1   09:14    SW
11  10,1  14,8   15:01   5,9   05:34   6,5   0,0   0,0  10,8  48,3   14:31   SSW
12  14,9  19,5   14:49  11,3   03:02   3,5   0,1   0,0  15,5  54,7   11:32    SW
13  16,2  22,1   14:17  11,1   06:13   2,8   0,6   0,0  10,5  37,0   14:43    SW
14  16,1  23,1   14:58  10,7   07:22   3,3   1,1   0,0   6,9  35,4   10:51   SSW
----------------------------------------------------------------------------------
    10,7  23,1    14    -3,3     7   105,0   2,1  38,2  10,5  57,9     1      SW

Max >=  20,0:  3
Max <=  10,0:  1
Min <=   0,0:  3
Min <= -10,0:  0
Max Rain: 12,0 on day 2
Days of Rain: 7 (>= 0,2 mm)  4 (>= 2,0 mm)  0 (>= 20,0 mm)
Heat Base: 18,3  Cool Base: 18,3  Method: Integration